 factor of w and 9.
9
Let m(j) be the second derivative of -35*j**3/6 - 78*j**2 - 6*j + 19. Let v be m(-5). Calculate the highest common divisor of v and 19.
19
Let q(s) = -4*s**2 + 2*s. Let t be q(-9). Let f be ((-12)/9)/(3/t). Let l be 760/30*(-6)/(-4). Calculate the highest common factor of f and l.
38
Suppose 0*b = -b + 3102 + 1007. What is the highest common divisor of b and 7?
7
Suppose w = -2*g + 5 + 1, -7*g + 16 = w. Let f be 3/4 - (-125)/20. Calculate the greatest common divisor of w and f.
1
Suppose 98186 + 30586 = -113*k + 162*k. Calculate the highest common factor of 18 and k.
18
Let u = -8 - -12. Suppose 6*i + 4 = u*i. Let t(y) = -20*y + 5. Let o be t(i). Calculate the highest common divisor of 5 and o.
5
Suppose 0 = 5*z + 2*p - 0*p - 30, 0 = 2*p - 10. What is the highest common divisor of z and 302?
2
Let s be (-36)/90 - 40938/(-15)*(-14)/(-2). Calculate the greatest common factor of 96 and s.
96
Suppose -853 - 351 = -36*y - 7*y. What is the greatest common factor of y and 1036?
28
Suppose 3*o + 4*f = 51, -9 = -f - 6. Let i = o + 8. Calculate the highest common factor of 84 and i.
21
Suppose -113 = -c - 4*c - 2*j, -c - 3*j + 20 = 0. Let h = 114 - c. What is the greatest common factor of h and 39?
13
Let a(g) = -7*g**2 - 3*g - 12. Let u be a(7). Let i = -600 - -71. Let c = u - i. Calculate the greatest common factor of c and 17.
17
Suppose -26*y + 184953 = -4457. What is the highest common divisor of y and 155?
155
Suppose 2258 = 60*t + 3*t - 2971. Calculate the greatest common divisor of t and 1328.
83
Suppose 2*k = 6*k + 4*r + 12, -5*k + 3*r = 55. Let t(o) = -6*o - 38. Let i be t(k). Calculate the highest common factor of i and 380.
10
Let h(n) = 2*n - 8. Let y be h(12). Suppose -y*k + 6 = -14*k. Let r be (18/4)/k - 391/(-46). What is the highest common divisor of r and 90?
10
Let w = 1320 + -1284. Let p be ((-6)/3)/(8/(-324)). Calculate the highest common divisor of p and w.
9
Let d be 6 - (112/(-16) - 3092). What is the highest common factor of d and 405?
135
Let p be (0 + 448/(-77) - 2/11) + 100. Suppose 0 = -3*u - 0*u + 318. Let a = u - p. What is the highest common divisor of a and 18?
6
Let v be (-3)/(2 - -4)*(-6 + 6). Suppose l + l + 2*m = v, -4*l + m = 10. Let f be (-32 - l)*((-12)/(-8) - 2). What is the greatest common factor of 75 and f?
15
Suppose -18 = -2*r + 2. Suppose 3040 + 1900 = 26*j. What is the greatest common divisor of r and j?
10
Suppose 4*u - 1295 = -73*u + 1015. Calculate the highest common divisor of u and 2480.
10
Suppose 140 = 60*s - 55*s. Let m(a) = a**2 - 26*a - 52. Let c be m(s). What is the greatest common factor of 22 and c?
2
Let i be (78450/(-200))/(12/(-240)). Calculate the highest common factor of i and 15.
15
Let d be 2*23 + 2/1. Let h = 433418 + -433346. What is the greatest common factor of d and h?
24
Suppose 688*m + 2379 = 749*m. Calculate the greatest common factor of 6240 and m.
39
Let r = -2784 - -2898. What is the highest common factor of 608 and r?
38
Suppose -n + 9 = -12. Suppose -2 + 11 = -9*x, -5*y = -5*x - 110. What is the highest common factor of y and n?
21
Let p = -245 + 258. Suppose -p*m + 19*m - 372 = 0. What is the highest common factor of 93 and m?
31
Let t(s) = -160*s - 4154. Let k be t(-26). Let o = 200 - 98. Calculate the greatest common factor of o and k.
6
Suppose 4*r - 3*a = 29, 0 = r - 3*a - a - 17. Suppose r*o = 13 + 7. Let y be o/26 + 735/39. What is the highest common divisor of 171 and y?
19
Suppose -4*y = -5*t + 120, 3*y - 9 = -4*t + 56. Suppose -12*g = 6*g + 360. Let u be (g + 22)*(23 + 2). What is the highest common factor of t and u?
10
Let s be 7/(49/(-28))*3. Let o be (-1 + s)/(246/42 + -6). Calculate the greatest common divisor of o and 13.
13
Suppose 10*i + 47*i + 337 = -5. Let c(q) be the second derivative of -5*q**3/6 - 5*q**2/2 - q. Let f be c(i). What is the highest common factor of 125 and f?
25
Let b be ((-22)/4)/((-2)/12). Let t = b - -65. Let c be (-2667)/(-1778)*(-56)/(-3). Calculate the highest common factor of t and c.
14
Let k be (-4)/(-10) - (-324)/15. Let h = -1640 + 3048. Let z be h/12*(-12)/(-8). Calculate the highest common divisor of k and z.
22
Let d(v) = -v**2 + 2*v + 7. Let u = 167 + -164. Let o be d(u). Calculate the highest common factor of 64 and o.
4
Let z be (16/3)/(6/99). Let x be ((-4)/6)/((-1185)/1179 - -1). Let l = 142 - x. Calculate the highest common factor of z and l.
11
Suppose -40*w = -46*w + 540. Let k be (280/w)/(4/6)*12. Calculate the greatest common divisor of k and 140.
28
Suppose 4145 = 5*d + 25*c - 20*c, 2*c + 1670 = 2*d. Calculate the highest common factor of 128 and d.
64
Let h(l) = 4*l + 31. Let c be h(-7). Suppose -79 = -c*a - 22. Suppose 3*t - 143 = -5*d, -d - t = 2*t - a. Calculate the highest common divisor of d and 341.
31
Let u(c) = 498*c - 858. Let h be u(2). What is the highest common factor of h and 1334?
46
Let x(y) = -49*y - 1098. Let q be x(-32). Calculate the highest common divisor of 188 and q.
94
Suppose -16*v + 5*v = 13*v - 4200. What is the greatest common factor of 1100 and v?
25
Let d = 179 - 105. Suppose 426*n - 395*n + 20676 - 59674 = 0. Calculate the greatest common factor of n and d.
74
Let u be (9 - (-172)/(-5))/((-1)/(17 + -7)). Calculate the highest common factor of 8 and u.
2
Let d(q) = -2*q**2 - 98*q - 732. Let w be d(-18). Let l(o) = o**2 - 2*o - 3. Let p be l(5). What is the greatest common divisor of p and w?
12
Suppose f - 3*f - 8 = 0. Let h(a) = 20*a - 76. Let p be h(4). Let k be ((-42)/f)/(3/p). What is the greatest common factor of k and 70?
14
Let t(x) = 18*x**2 - 4*x - 6. Let c be t(3). Let n = c - 25. What is the highest common factor of n and 7?
7
Suppose -2*u = 2*t - 190, -1278*u + 1283*u = t - 119. Calculate the highest common divisor of t and 7029.
99
Let m(s) = -22*s - 3. Let g(i) = 82 + 429*i + 9 + 143*i - 14. Let b(z) = 6*g(z) + 154*m(z). Let p be b(6). Calculate the highest common factor of 33 and p.
33
Let c = 12562 + -12548. Suppose 0*a = 5*a - 30. What is the highest common divisor of a and c?
2
Let n(d) = -29*d + 93*d + 103*d + 33*d - 32*d - 101. Let b be n(1). What is the greatest common divisor of 1139 and b?
67
Let f(c) = c**3 + 13*c**2 + 14*c + 19. Let z be f(-12). Let n be 5 + z/(-5) + 6. What is the greatest common divisor of 54 and n?
6
Let f be (-4*(-45)/24)/(12/72). Calculate the highest common divisor of 115 and f.
5
Let y(s) = -445*s + 211. Let i be y(-25). Calculate the highest common factor of i and 78.
26
Let d be (-25 + 23 + -939)*-14. Calculate the highest common factor of d and 14.
14
Suppose p + 12*x = 10*x + 2126, 0 = 5*x - 15. Calculate the greatest common divisor of p and 10.
10
Let j(g) = 2*g**2 - 25*g - 3. Let n be j(12). Let a(z) = z**2 + 16*z + 24. Let l be a(n). What is the highest common divisor of l and 3?
3
Let b(o) = -8*o - 20. Let n be b(5). Let q be -3*10/(n/18). What is the highest common divisor of 171 and q?
9
Suppose 4*q = -0*q + 64. Let c = -945 - -944. Let t be (-1224)/96*q/(2/c). What is the highest common factor of t and 68?
34
Let y be 2/(-6) - (-66)/9. Let b = -6 + y. Let u be 4/b - (2 - 15). What is the greatest common factor of u and 85?
17
Let o be (-80146)/(-14) - (6/14)/((-78)/52). Calculate the greatest common factor of o and 50.
25
Suppose 338 = -3*j + 5*j. Let f(a) = 6*a**2 + 64*a - 379. Let n be f(5). Calculate the highest common divisor of n and j.
13
Let g = 1176 - 1066. Let h = -16 + 19. Let k be (-6)/(-1 + h) + 13. What is the greatest common divisor of k and g?
10
Suppose 4*g - 11 = v, -10*g = -6*g - 5*v + 9. Suppose y = g*p + 100, -3*y - 2*y - 2*p = -500. What is the highest common divisor of 75 and y?
25
Let p = 23 + -115. Let s = -56 - p. What is the highest common factor of 126 and s?
18
Let t = -43 - -61. Suppose 4*v + 4 = 0, 20*v - t*v + 30 = 2*n. Suppose -2*y = -2*j + y + 36, 4*j = y + 82. Calculate the highest common divisor of n and j.
7
Suppose k = 2*x - 18, 7*x - 11*x + 30 = -5*k. Calculate the greatest common factor of 230 and x.
10
Let h be (-12)/18*-15*1/2. Let l = 12 + h. Suppose -w - 7 = -l. Calculate the greatest common divisor of w and 5.
5
Suppose -10*u + 6*u - 8 = 0, -3*g = 3*u - 36. Suppose g*x = 291 + 87. Calculate the greatest common divisor of x and 9.
9
Let t = -37 - -57. Supp